).
-10
Let a(c) = 130*c**2 + 12*c + 12. Calculate a(-1).
130
Let i(u) = 247*u + 249. What is i(-1)?
2
Let v(a) = -a**3 - 5*a**2 + 19*a + 56. Calculate v(-8).
96
Let c(h) = 10*h**3 - 2*h**2 - 2*h + 1. Calculate c(1).
7
Let q(o) = o**2 - 36*o + 174. Determine q(6).
-6
Let r(v) = -258*v - 1031. Give r(-4).
1
Let h(z) = -2*z**3 - 2*z**2 + 71*z + 301. Give h(-4).
113
Let p(l) = 1246*l - 3784. Give p(3).
-46
Let x(w) = -26*w**2 + 23*w - 79. Give x(3).
-244
Let m(p) = 2*p**3 - 329*p**2 - 303*p + 22770. Give m(165).
0
Let l(y) = -y**2 - 171*y - 3144. Calculate l(-21).
6
Let b(p) = 60*p**3 + 360*p**2 + p - 7. Give b(-6).
-13
Let a(j) = -2*j**2 + 1792*j - 10672. What is a(6)?
8
Let o(n) = n**3 - 18*n**2 + 69*n - 60. What is o(13)?
-8
Let u(f) = 25*f - 595. Calculate u(25).
30
Let v(n) = -n + 133. What is v(14)?
119
Let p(j) = j**3 + 2*j**2 + 120*j + 376. Determine p(-3).
7
Let f(k) = 11*k**2 + 177*k + 584. What is f(-4)?
52
Let b(o) = o**2 - 20*o - 3658. Determine b(-51).
-37
Let l(y) = 38*y - 1619. Determine l(40).
-99
Let q(y) = 55*y + 1674. Give q(-31).
-31
Let y(v) = 27*v + 76. Give y(-6).
-86
Let l(b) = b**3 + 13*b**2 + 2*b - 15. Calculate l(-9).
291
Let q(d) = -69*d + 10746. Give q(153).
189
Let z(o) = -33*o - 356. Determine z(-11).
7
Let b(h) = -117*h - 566. Give b(-5).
19
Let w(f) = -35*f - 870. Determine w(-26).
40
Let n(l) = -369*l + 23979. What is n(65)?
-6
Let z(o) = -o**3 - 27*o**2 - 69*o + 94. Give z(-24).
22
Let y(w) = -2*w**3 + w**2 - 4*w + 11. Give y(-4).
171
Let t(g) = -16*g - 545. Calculate t(-56).
351
Let o(p) = 3*p**2 - 5*p + 30. Determine o(-8).
262
Let b(s) = 757*s - 2246. Determine b(3).
25
Let h(a) = -a**3 - 4*a**2 + 32*a + 117. Calculate h(-3).
12
Let b(c) = 15396*c - 61570. Calculate b(4).
14
Let v(z) = -z**3 - 31*z**2 - 63*z - 58. Give v(-29).
87
Let a(o) = 272*o + 1357. Calculate a(-5).
-3
Let g(u) = -3*u**2 - 4*u + 122. What is g(-9)?
-85
Let g(b) = 2*b**2 - 71*b + 15. Calculate g(35).
-20
Let q(u) = -8*u - 430. Determine q(-63).
74
Let h(i) = 25*i - 52. Determine h(37).
873
Let p(d) = -d**2 + 31*d - 94. Calculate p(30).
-64
Let s(w) = -7602*w - 7593. Give s(-1).
9
Let p(d) = d**2 - 74*d - 2853. What is p(101)?
-126
Let k(d) = -4*d**3 - 3*d**2 + 6*d + 12. Determine k(3).
-105
Let i(k) = -7*k**2 + 214*k + 4542. Determine i(45).
-3
Let k(n) = -5*n**2 - 88*n + 189. Determine k(2).
-7
Let o(a) = 2*a**3 + 2*a**2 - 28*a - 42. Determine o(-3).
6
Let t(m) = -7*m**2 - 17*m + 147. Calculate t(6).
-207
Let r(w) = -18*w - 152. Give r(-10).
28
Let t(h) = -h**3 + 64*h**2 + 205*h - 148. Give t(67).
120
Let m(f) = f**2 + 25*f + 203. Determine m(-19).
89
Let r(q) = 18*q**2 - 201*q + 19. What is r(11)?
-14
Let o(r) = r**2 - 46*r + 126. Determine o(29).
-367
Let i(o) = o**2 - 6*o - 36. Determine i(6).
-36
Let c(g) = -g**3 + 11*g**2 - 3*g + 10. Calculate c(11).
-23
Let t(b) = -5*b**2 + 161*b + 134. Give t(34).
-172
Let p(r) = 132*r - 952. Determine p(6).
-160
Let a(g) = -g**3 - 17*g**2 - 69*g - 54. Determine a(-11).
-21
Let n(s) = 558*s - 10581. What is n(19)?
21
Let f(k) = -5*k**2 + 64*k + 369. What is f(17)?
12
Let v(m) = 3*m**3 - 3*m**2 - 10*m + 18. Determine v(2).
10
Let y(u) = u**3 + 35*u**2 + 22*u - 412. Calculate y(-34).
-4
Let x(m) = -7*m**2 + 15*m + 34. Give x(-8).
-534
Let z(v) = v**3 + 12*v**2 + 31*v - 35. What is z(-7)?
-7
Let o(t) = t**3 - 58*t**2 - 66*t + 278. What is o(59)?
-135
Let z(u) = -16*u**3 + 162*u**2 - 20*u + 9. What is z(10)?
9
Let q(s) = -3337*s - 9968. What is q(-3)?
43
Let t(o) = -4*o**2 + 56*o - 34. Calculate t(13).
18
Let j(d) = -d**3 + 13*d**2 - 8*d + 56. What is j(15)?
-514
Let f(c) = -4*c + 4. Determine f(-10).
44
Let c(x) = -14*x**2 - 17*x - 12. Calculate c(-1).
-9
Let a(r) = 62*r**2 - r - 26. Determine a(-2).
224
Let i(t) = -38*t**3 - t**2 - 3*t - 3. What is i(-1)?
37
Let x(v) = -675*v - 4718. Calculate x(-7).
7
Let c(a) = -24*a - 186. Give c(-7).
-18
Let b(l) = 1989*l + 111394. Determine b(-56).
10
Let w(d) = 125*d - 29745. Determine w(238).
5
Let d(p) = -p - 77. Determine d(-138).
61
Let a(l) = -l**3 - 302*l**2 + 2479*l + 3. Give a(8).
-5
Let y(p) = 279*p - 20. Calculate y(0).
-20
Let u(m) = 277*m - 675. Give u(3).
156
Let n(d) = d**3 + 15*d**2 + 94*d + 1773. Determine n(-16).
13
Let l(m) = 183*m + 1308. Calculate l(-7).
27
Let f(g) = -2*g**2 - g + 65. What is f(8)?
-71
Let k(o) = -o + 49. Determine k(-10).
59
Let y(v) = -v**2 + 60*v + 6538. Determine y(-56).
42
Let t(b) = b**3 + 26*b**2 + 2*b + 55. Calculate t(-26).
3
Let b(i) = -i**3 - 66*i**2 + 9*i + 587. Give b(-66).
-7
Let v(t) = 12998*t + 103983. Determine v(-8).
-1
Let l(m) = 231*m + 1374. What is l(-6)?
-12
Let i(w) = 2*w**3 - 59*w**2 - 35*w + 46. Give i(30).
-104
Let d(s) = 209*s + 2132. Calculate d(-10).
42
Let d(k) = -6693*k - 227562. Give d(-34).
0
Let y(o) = o**3 + 5*o**2 + 25*o + 101. Determine y(-5).
-24
Let g(q) = -111*q - 2984. Calculate g(-27).
13
Let h(u) = 352*u + 3135. Determine h(-10).
-385
Let h(v) = -109*v - 7965. Calculate h(-73).
-8
Let i(a) = -305*a + 2737. Determine i(9).
-8
Let d(y) = -479*y - 1962. Calculate d(-4).
-46
Let t(z) = z**3 - 34*z**2 - 150*z - 50. Give t(38).
26
Let d(c) = -331*c + 5437. What is d(15)?
472
Let g(b) = -17*b - 456. Calculate g(-26).
-14
Let b(c) = c**3 - 12*c**2 - 116*c - 40. What is b(-6)?
8
Let r(j) = 20541*j + 102699. Determine r(-5).
-6
Let c(w) = -528*w + 19557. What is c(37)?
21
Let v(f) = 14*f + 180. Calculate v(-10).
40
Let z(a) = -757*a - 4560. Calculate z(-6).
-18
Let f(g) = 4*g**2 + 29*g - 42. Give f(-9).
21
Let z(d) = 215*d - 5151. Determine z(24).
9
Let n(s) = s**2 - 34*s - 265. Give n(-8).
71
Let t(p) = -502*p + 17067. Determine t(34).
-1
Let h(u) = -3*u**3 + 16*u**2 - 15*u + 1. Give h(1).
-1
Let i(r) = -2*r**2 - r + 47. Calculate i(22).
-943
Let k(s) = 33*s + 129. Determine k(-3).
30
Let d(c) = 71*c + 1695. Give d(-24).
-9
Let z(j) = -4*j - 95. Determine z(-36).
49
Let c(q) = -q**3 + 11*q**2 + 42*q - 3. Calculate c(14).
-3
Let t(s) = 6*s**2 + 48*s - 155. Give t(3).
43
Let h(m) = 35*m - 690. Give h(4).
-550
Let l(f) = 13*f + 276. Calculate l(-30).
-114
Let t(j) = 2*j**3 - 12*j**2 + 11*j - 24. Determine t(6).
42
Let o(q) = 76*q - 3151. Determine o(40).
-111
Let p(m) = -187*m + 2114. What is p(12)?
-130
Let r(y) = -y**3 + 62*y**2 - 237*y + 146. Determine r(58).
-144
Let r(a) = 57*a - 643. Give r(13).
98
Let d(j) = -2*j**2 + 1597*j + 3206. Give d(-2).
4
Let n(i) = -3*i**3 + 311*i**2 + 143*i - 4065. What is n(104)?
-9
Let d(p) = -295*p + 2096. Calculate d(7).
31
Let j(p) = -12303*p + 73805. What is j(6)?
-13
Let g(w) = w**3 + 71*w**2 + 564*w + 9. Calculate g(-9).
-45
Let f(a) = -a**3 + 48*a**2 - 563*a + 86. Calculate f(28).
2
Let m(b) = -4*b**2 - 1419*b + 5740. Give m(4).
0
Let d(m) = 3*m**3 - 4*m**2 - 5*m - 9. What is d(3)?
21
Let l(o) = o**2 - 27*o - 172. Calculate l(-5).
-12
Let k(t) = -800*t - 7990. Give k(-10).
10
Let k(q) = -2*q**2 + 355*q - 3147. Calculate k(168).
45
Let k(g) = 7*g**3 - 30*g**2 - 6*g + 4. Give k(5).
99
Let h(y) = -y**3 + 40*y**2 - 55*y + 618. Give h(39).
-6
Let a(l) = l**3 + 13*l**2 + 44*l + 383. Calculate a(-12).
-1
Let t(n) = 2*n**3 - 15*n**2 - 22*n - 22. Determine t(9).
23
Let x(a) = a**3 - 20*a**2 - 38*a - 123. Determine x(22).
9
Let y(d) = -15*d**3 + 89*d**2 - d + 4. What is y(6)?
-38
Let v(m) = 8*m**2 + 21*m - 2385. Give v(16).
-1
Let w(t) = -945*t + 6621. What is w(7)?
6
Let w(c) = 3*c**2 + 12*c + 92. Calculate w(-6).
128
Let h(j) = 467*j + 394. Give h(-2).
-540
Let z(r) = -r**3 + 33*r**2 + 73*r - 98. Calculate z(35).
7
Let b(u) = u**3 - 15*u**2 - 36*u + 20. What is b(17)?
-14
Let z(g) = g**2 - 6*g - 69. Give z(7).
-62
Let w(b) = -9*b - 207. Calculate w(-19).
-36
Let f(d) = -2*d**2 + 44*d + 173. Give f(-5).
-97
Let z(f) = 45*f + 3. Determine z(0).
3
Let p(k) = -271*k - 7579. Calculate p(-28).
9
Let j(n) = -n**2 - 255*n + 39675. Determine j(109).
-1
Let t(j) = -j**2 + 130*j - 3495. Calculate t(39).
54
Let j(h) = -24*h**2 - 9*h - 23. Give j(-3).
-212
Let w(n) = -30*n + 159. Determine w(5).
9
Let q(x) = 99*x + 650. Determine q(-12).
-538
Let r(p) = 354*p - 1385. Give r(4).
31
Let m(g) = 1142*g + 3434. Determine m(-3).
8
Let t(k) = 2*k**2 + 43*k - 650. Calculate t(10).
-20
Let g(d) = -3*d**3 + 15*d**2 - 10*d + 28. Calculate g(5).
-22
Let t(s) = 638*s + 2558. Wh